2.
-11010101101100100
What is -1111000101101110111110 (base 2) in base 12?
-13a9192
What is -60452636 (base 7) in base 13?
-106a801
Convert 127343c (base 14) to base 12.
2b8487a
-ba828 (base 16) to base 6
-24212440
What is -100000011110011100101 (base 2) in base 5?
-233023130
What is -29331 (base 15) in base 12?
-6470a
13301204 (base 8) to base 4
23120022010
-1001c4c (base 15) to base 12
-3997430
325004 (base 8) to base 2
11010101000000100
Convert 6b739 (base 15) to base 16.
539e8
Convert 268044 (base 11) to base 6.
13003232
What is 232152223 (base 6) in base 5?
2100312002
What is -11517274 (base 8) in base 15?
-34edd9
1414340223 (base 6) to base 8
101754067
Convert -1400241 (base 5) to base 3.
-1102200022
What is -365620 (base 11) in base 9?
-1071368
What is -5398 (base 16) in base 2?
-101001110011000
1321113230 (base 4) to base 2
1111001010111101100
What is 2c7424 (base 14) in base 16?
17c0b8
Convert 11322133 (base 4) to base 7.
130423
What is 15123046 (base 7) in base 4?
11132031130
Convert 1a153a (base 11) to base 7.
2426105
20763235 (base 9) to base 12
3433258
Convert -3210002003 (base 4) to base 6.
-32004055
Convert -4d1b5 (base 15) to base 16.
-3c3f2
Convert 2117c (base 13) to base 14.
17a07
Convert 140213230 (base 5) to base 13.
1bb4a3
-441003101 (base 5) to base 12
-772416
Convert 56641 (base 12) to base 7.
656110
Convert 2c510 (base 14) to base 5.
12021004
160872 (base 10) to base 8
472150
-98048 (base 12) to base 13
-70355
14042140 (base 5) to base 4
203000330
What is 365300 (base 7) in base 3?
10101110222
What is -28ca3 (base 13) in base 3?
-10220102122
-1bb30a (base 12) to base 13
-144c1c
What is 2431655 (base 8) in base 2?
10100011001110101101
Convert -197139 (base 10) to base 8.
-601023
Convert -13311131 (base 4) to base 15.
-9798
Convert -89d4 (base 16) to base 4.
-20213110
-537251 (base 13) to base 3
-10200110202222
223002231 (base 4) to base 3
22221211200
What is 5113043 (base 6) in base 5?
30234102
53a9a72 (base 11) to base 6
535344232
What is 42434200 (base 5) in base 13?
c7345
9c89 (base 16) to base 15
bd18
-111000001000011101 (base 2) to base 10
-229917
Convert -1000001100010000010010 (base 2) to base 5.
-1022203341
-9d35 (base 14) to base 7
-142365
-224301103 (base 5) to base 2
-11110110011101111000
-27574bc (base 14) to base 4
-1020213132232
-31045 (base 11) to base 6
-545423
1351231 (base 6) to base 13
28c36
-220175 (base 10) to base 2
-110101110000001111
-101000010110000011100 (base 2) to base 5
-314301022
285083 (base 11) to base 12
196108
What is 266244 (base 10) in base 13?
94254
What is 1552744 (base 12) in base 10?
4338340
-5541246 (base 7) to base 3
-1021200000120
10e12 (base 16) to base 14
1b2a6
Convert -13c35c (base 14) to base 16.
-a7a4e
Convert -262763 (base 8) to base 5.
-10413020
What is 12323230302 (base 4) in base 3?
10102022222220
133a20 (base 12) to base 7
2462130
Convert -1043315 (base 6) to base 5.
-3140412
1462565 (base 7) to base 14
52da5
Convert -51a37 (base 12) to base 16.
-1a18b
-20012111020011 (base 3) to base 11
-1951954
Convert 2203640 (base 7) to base 9.
451652
-13140303424 (base 5) to base 12
-557aa31
Convert -245452 (base 7) to base 9.
-67854
What is -1976091 (base 11) in base 4?
-30231120021
-3e8b4 (base 15) to base 10
-201094
415997 (base 10) to base 2
1100101100011111101
What is 164379 (base 12) in base 4?
1130330031
What is -71721534 (base 8) in base 4?
-321322031130
What is 535e (base 15) in base 4?
10103213
3a4086 (base 11) to base 3
1012021000211
-416426 (base 9) to base 12
-bb273
Convert -2327727 (base 8) to base 10.
-634839
Convert 1011000100111 (base 2) to base 15.
1a31
What is 342055442 (base 6) in base 8?
27701662
-ac776 (base 13) to base 16
-4c7a6
-4956817 (base 10) to base 8
-22721221
What is 10530212 (base 8) in base 2?
1000101011000010001010
12400100 (base 5) to base 9
205184
What is -1d993 (base 16) in base 7?
-1013312
Convert -2786673 (base 11) to base 4.
-102102333233
What is -131123221201 (base 4) in base 2?
-11101011011101001100001
Convert 813161 (base 9) to base 4.
1311133330
What is -121112022101 (base 3) in base 5?
-40402420
Convert -577731 (base 8) to base 3.
-100222122100
What is f3770 (base 16) in base 12?
401128
What is 44244230 (base 5) in base 7?
3160311
-7208895 (base 10) to base 16
-6dffbf
-1101100000011000 (base 2) to base 14
-16236
What is 252455301 (base 6) in base 14?
91460d
Convert 5665554 (base 7) to base 5.
140033432
203b2b3 (base 12) to base 7
102312000
Convert 123031201 (base 4) to base 13.
3b968
What is -4214120 (base 5) in base 2?
-10001000100010110
-10110101011110000 (base 2) to base 11
-63896
What is 133751 (base 8) in base 14?
1322d
Convert -61a524 (base 12) to base 8.
-5657554
Convert -154607 (base 9) to base 15.
-1d35d
-420113 (base 6) to base 4
-20033031
What is -6175040 (base 9) in base 2?
-1100100101000000010111
-30022000213 (base 4) to base 8
-14120047
What is -2101515 (base 6) in base 7?
-601622
-15540004 (base 6) to base 8
-2100344
-a6a2d (base 14) to base 4
-1202103001
3111303200 (base 4) to base 12
362968
-4361670 (base 8) to base 2
-100011110001110111000
Convert 1133330121 (base 4) to base 3.
201222002000
What is 336501 (base 7) in base 8?
165030
Convert -1000110100111001000010 (base 2) to base 8.
-10647102
What is 260432 (base 7) in base 10?
48239
269638 (base 11) to base 13
11a51c
-1ccdf9 (base 16) to base 6
-104243305
163d49 (base 16) to base 8
5436511
Convert 30033 (base 8) to base 2.
11000000011011
What is -55605301 (base 7) in base 8?
-22257731
What is -398770 (base 11) in base 7?
-5216341
What is 22220312 (base 7) in base 13?
52347b
What is 21410425 (base 6) in base 7?
5301143
3813444 (base 9) to base 2
111111010110010110011
Convert -1331311 (base 4) to base 14.
-2d13
What is -81a543 (base 11) in base 4?
-11001202103
What is -219da0 (base 15) in base 2?
-110000111010100001001
Convert 1474482 (base 14) to base 13.
20aa264
-121134300 (base 5) to base 16
-8ab0b
-121023133 (base 4) to base 10
-103135
Convert -19524 (base 13) to base 7.
-263316
3312244 (base 7) to base 11
258523
Convert -1a788 (base 14) to base 9.
-112341
17b2c0a (base 15) to base 4
1001320330021
What is -117722 (base 9) in base 8?
-213204
-201c48 (base 13) to base 6
-24001423
Convert -166c8 (base 14) to base 4.
-31232220
-8b0cb5 (base 14) to base 10
-4727679
212110212110 (base 3) to base 9
773773
Convert 667346 (base 9) to base 7.
3251256
66980 (base 15) to base 14
86c01
-8d664 (base 15) to base 14
-ba179
1110101011000000 (base 2) to base 3
10001102210
-121201020201 (base 3) to base 14
-87c52
Convert -133211123301 (base 4) to base 16.
-7e56f1
Convert -50032114 (base 6) to base 4.
-11112302032
What is 224431354 (base 6) in base 8?
17630026
What is 2453152 (base 6) in base 2?
100000001000011100
Convert -1310142 (base 6) to base 8.
-213256
Convert 1d3c5 (base 16) to base 5.
12312444
-331432242 (base 5) to base 8
-5365634
23217 (base 13) to base 16
fa47
What is -175a896 (base 14) in base 4?
-223323122010
Convert bc0826 (base 13) to base 6.
234525323
Convert 205071 (base 8) to base 15.
152d8
What is -221c1 (base 15) in base 12?
-5289a
What is 73a79 (base 14) in base 4?
1010022223
Convert -32900a0 (base 12) to base 14.
-13cdda0
Convert -442012344 (base 5) to base 15.
-27a184
1034313 (base 8) to base 6
5532535
What is -1011210110011 (base 3) in base 8?
-2306222
-1737d (base 16) to base 15
-1d2a1
-18265434 (base 9) to base 8
-43050671
What is -99398 (base 10) in base 4?
-120101012
134052 (base 7) to base 4
12031023
What is 56767 (base 15) in base 16?
43267
-17123402 (base 8) to base 12
-13b836a
Convert -60360416 (base 7) to base 14.
-944646
What is -267546 (base 8) in base 4?
-112331212
What is -10121111221220 (base 3) in base 14?
-37d6dd
What is 21101020211020 (base 3) in base 16?
3bd7e3
What is 1264c6 (base 14) in base 2?
10011010010100001110
What is -1644151 (base 8) in base 7?
-4025341
-10101001100011000 (base 2) to base 10
-86808
-42b651 (base 15) to base 5
-1303133201
Convert 38b2 (base 12) to base 10.
6470
Convert -141131044 (base 5) to base 12.
-2aab0b
What is -562803 (base 14) in base 6?
-142421231
What is -20b58 (base 15) in base 10?
-103808
-2223230444 (base 5) to base 3
-100012212222210
Convert a9a1 (base 16) to base 13.
169c5
Convert 5a820 (base 11) to b